 factor of m and 22?
11
Suppose -3*y = -19 - 41. What is the highest common divisor of 220 and y?
20
Let o(x) = x**2 - 8*x + 4. Let f be o(-5). Calculate the highest common factor of f and 3.
3
Let z = 9 + -4. Suppose 5*n = 3 + 2. Calculate the greatest common factor of z and n.
1
Let r = 57 + -29. Suppose -5*t = -5*v + 65, 2*t = -3*v + 2*v + r. Let h be 256/14 - (-2)/(-7). Calculate the greatest common divisor of h and v.
18
Suppose -l + 10 = -2. Suppose -l = -2*h - h. Let t be (3/6)/(2/h). What is the greatest common divisor of 6 and t?
1
Let c(g) = 11*g**2 + 2*g - 1. Let l be c(1). Let r be (-2)/(-13) + (-11)/(-13). Let i be 24*(3/6)/r. What is the highest common factor of i and l?
12
Suppose 0 = 4*r - 3 - 5. Suppose -5*w = 2*l - r*w + 11, 4*l + 2*w = -2. Let h be l/(-1) + 1 - -4. What is the greatest common factor of 3 and h?
3
Let m be 9/((-1)/4*3). Let a = -7 - m. Calculate the greatest common factor of 10 and a.
5
Suppose 13*i - 400 - 68 = 0. What is the greatest common divisor of 48 and i?
12
Let r = 73 + -9. Calculate the highest common divisor of r and 8.
8
Let b = 0 - -5. Suppose b*s = s + 216. Calculate the greatest common divisor of 18 and s.
18
Let w(s) = 7*s**2 + 2*s. Let j be w(-2). Let k = 48 - j. What is the greatest common factor of 6 and k?
6
Let p(u) = 224*u**2 - 3*u - 3. Let q be p(-1). What is the highest common divisor of q and 14?
14
Suppose -4*c + 12 = 5*i - c, -3*i = -5*c - 14. Suppose 0 = m - i*m + 92. Let g = 91 - m. Calculate the highest common factor of 5 and g.
5
Let f be 954/5 + -1 - 72/90. What is the highest common divisor of 27 and f?
27
Let y be (3/(-9))/(1/(-81)). Calculate the highest common factor of y and 3.
3
Suppose 0*x - x = 3*w - 30, 57 = 3*x - 2*w. Calculate the greatest common divisor of 3 and x.
3
Let o be (-150)/225 - 16/(-6). Let u(d) = -d**3 - 6*d**2 + 7*d + 1. Let y be u(-7). Calculate the greatest common factor of y and o.
1
Let n(v) = v**3 + 5*v**2 + 3*v - 1. Let y be n(-3). Let z(m) = -m**3 + 10*m**2 - 4*m - 8. Let q be z(y). What is the greatest common factor of 8 and q?
8
Let m be (-2)/(-6) - 213/(-9). Let f = 210 + -150. Calculate the greatest common divisor of m and f.
12
Let v = 24 - 1. Calculate the highest common factor of 207 and v.
23
Let x = -66 + 26. Let t = x - -60. Let q(v) = -3*v**3 - v**2 + v + 2. Let p be q(-2). What is the greatest common divisor of t and p?
20
Let c(b) = -b**3 + b**2 + 8*b - 2. Let k be c(3). Calculate the greatest common factor of k and 4.
4
Let w be -1 - -4 - 5 - -13. Let y be 277/w + 10/(-55). Let l = y + -9. What is the greatest common factor of 176 and l?
16
Let a be (-2)/(-1 - (-13)/11). Let d = 23 + a. Suppose 4*c = 5*c - d. What is the highest common factor of 18 and c?
6
Suppose 2*q + 254 = 14. Let r = 171 + q. What is the highest common divisor of r and 17?
17
Suppose -2*k + 5 = 3*k. Suppose 0 = 3*b + 2*b - 5*o - 25, b + o = k. What is the greatest common divisor of b and 27?
3
Suppose -y - y = 14. Let n(p) = 2*p - 7. Let g(r) = 3*r - 8. Let o(t) = y*n(t) + 6*g(t). Let j be o(2). What is the highest common divisor of j and 18?
9
Let k(g) = g**2 - g + 6. Let r be k(-6). Calculate the highest common factor of r and 16.
16
Suppose 0 = -0*n - n + 5. Suppose -n*l + 148 = -32. What is the greatest common divisor of l and 9?
9
Let a(x) = 115*x**2 - 2*x - 2. Let o be a(-1). What is the greatest common divisor of o and 46?
23
Let v be (-22000)/(-77) + 4/14. What is the highest common factor of v and 26?
26
Suppose 0 = 3*f - 24 - 12. Let q = 27 - f. What is the highest common factor of q and 165?
15
Let r(f) = 14*f. Let v = 2 - 1. Let l be r(v). What is the highest common divisor of 14 and l?
14
Let l(v) = -v + 63. Let w be l(0). Let z = 103 - w. Calculate the highest common factor of z and 16.
8
Let a = 11 - -15. Let j(o) = o - 1. Let p be j(-3). Let w be 106/8 + 1/p. Calculate the highest common factor of a and w.
13
Let i = 43 - 36. What is the highest common factor of 49 and i?
7
Let d = 37 + -17. What is the highest common factor of d and 10?
10
Let m be (-5)/(-7) + (-2)/(-7). Let s be m - (0 - (6 + -2)). Suppose -3 = -s*k + 12. Calculate the highest common factor of 9 and k.
3
Suppose -16 = 4*w - 0*w. Let r(a) = -a**2 - 5*a - 1. Let u be r(w). Suppose 40 + 356 = u*s. Calculate the greatest common factor of s and 12.
12
Let h be (-2)/(6/9)*-1. Suppose k + 78 = h*k. Suppose k = 5*d - 26. Calculate the greatest common divisor of 13 and d.
13
Suppose -13 - 11 = -4*s. What is the greatest common divisor of s and 9?
3
Suppose 2*y - 5*j = 79, 12*j - 229 = -5*y + 14*j. What is the highest common factor of y and 94?
47
Let x(h) = -h**3 - 12*h**2 - 4*h - 17. Let d be x(-12). Let q = -16 + d. What is the greatest common divisor of 5 and q?
5
Let s be 0 - 5/(5/(-2)). Let p(z) = z**2 - 3*z - 6. Let l be p(7). What is the greatest common factor of l and s?
2
Suppose -2*a = a - 39. Let v be 6 + 2 + -4 + a. What is the highest common factor of v and 17?
17
Suppose 3*m - 45 = -3*o, 2*m = -4*o + o + 47. What is the highest common factor of o and 17?
17
Suppose 4*d + 5*v - 7 = 0, d = 5*d + 4*v - 8. Let i(o) = 15 + d*o + 3*o - 5*o. Let s be i(-9). Calculate the highest common factor of s and 12.
6
Let y(f) = -f**3 - 10*f**2 + 12*f + 11. Let o be y(-11). Suppose -3*l + 146 = 5*u - 119, o = 5*u + 5. What is the highest common factor of l and 10?
10
Let u = -2 - -7. Suppose 3*x = 4*x - u*c - 8, 5*x = 3*c + 150. Calculate the greatest common divisor of 3 and x.
3
Suppose 4*p = -20, 6*p - 165 = -5*s + 3*p. Let y = 30 + -18. Calculate the highest common factor of y and s.
12
Suppose -5*x = -3*w - 34, 12 = -2*w + x - 3*x. Let f be (-1)/1 - (-54 - w). What is the highest common factor of f and 30?
15
Suppose -83*l - 128 = -87*l. What is the highest common divisor of 80 and l?
16
Let p(f) = f**2 + 4*f + 7. Let i be p(-6). Let g be i - (1 - 0 - 4). Let h(t) = -176*t**3. Let y be h(-1). What is the greatest common divisor of g and y?
22
Let z(n) = -2*n - n**3 + 3 - 6*n**2 - 3. Let c be z(-6). What is the greatest common factor of 72 and c?
12
Suppose 0 = 5*o - 243 + 78. What is the highest common factor of o and 22?
11
Let i(x) = -30*x + 15. Let y be i(-3). What is the greatest common divisor of y and 42?
21
Let s be -2 + (3 - -3) + 2. Let t be (-3 - (-14)/s)*-3. Calculate the greatest common factor of 22 and t.
2
Let s(c) = 5*c + 11. Let x(n) = -3*n - 13. Let j be x(-7). Let z be s(j). Calculate the highest common divisor of 17 and z.
17
Let u be 4/6 - 32/(-6). Suppose -5*h + 25 = 0, -3*b + 33 = h + 2*h. Let a = 15 - b. What is the greatest common factor of a and u?
3
Suppose 2*c + 8 = -0. Let k be (-42)/(-15)*(-10)/c. What is the highest common factor of k and 21?
7
Suppose 0 = 4*i + 5*y - 2288, 3*i + 6*y - 4*y - 1716 = 0. Calculate the highest common factor of 52 and i.
52
Let j be (-4)/((-4)/3) - -195. What is the highest common divisor of 22 and j?
22
Let t be 60/(-5)*(-2 - 0). Calculate the greatest common divisor of 72 and t.
24
Suppose -4*w - 17 = 7. Let x = -4 - w. Let n be (1 - x*-5) + 0. What is the highest common factor of 88 and n?
11
Let c be 2/1 - (1 - 0). Let v = -9 + 19. Let q be ((-18)/v)/(c/(-5)). What is the greatest common divisor of q and 45?
9
Let t(w) = 13*w**2 + 2*w + 1. Let k be t(-1). Suppose -3*q + k = -27. Calculate the greatest common factor of 13 and q.
13
Let p(x) = -11*x**3 + x + 1. Let i = 12 + -4. Let s = i + -9. Let o be p(s). Calculate the highest common factor of o and 88.
11
Suppose -63 = 2*u + 37. Let t be (-9)/18 - u/4. Suppose 2*l = -3*q + 76, -q - 3*q + 106 = 5*l. Calculate the greatest common divisor of q and t.
12
Suppose -4*p = -6 + 2. Let u = -1 - p. Let w be 142/4 - (-1)/u. What is the greatest common divisor of w and 7?
7
Let j(a) = -a**3 - 3*a**2 + 5*a + 6. Let i be j(-4). Suppose 5*w = -r + 23, 2*w = -3*r - r + 38. Calculate the highest common divisor of r and i.
2
Let a be 12/(-10)*2200/(-33). Calculate the highest common factor of a and 16.
16
Suppose 0 = -2*i + l + 3, -2*i + 2*l = -3 + 1. Suppose d - i*d = -2. What is the highest common factor of d and 10?
2
Suppose 135 = -5*s + 2*s. Let n = s + 108. Let l be ((-28)/(-16))/(2/8). What is the greatest common factor of n and l?
7
Suppose -2*d - 88 = -6*d. Calculate the high